{"id":7,"date":"2014-05-22T19:00:16","date_gmt":"2014-05-22T19:00:16","guid":{"rendered":"http:\/\/amussol.org.do\/web\/?page_id=7"},"modified":"2025-12-19T16:23:03","modified_gmt":"2025-12-19T20:23:03","slug":"servicios","status":"publish","type":"page","link":"https:\/\/amussol.org.do\/?page_id=7","title":{"rendered":"SERVICIOS"},"content":{"rendered":"<h1><\/h1>\n<h3><strong><a href=\"http:\/\/amussol.org.do\/wp-content\/uploads\/2025\/08\/Proyecto-nuevo-2.jpg\"><img fetchpriority=\"high\" decoding=\"async\" class=\"alignnone wp-image-2255 size-full\" src=\"http:\/\/amussol.org.do\/wp-content\/uploads\/2025\/08\/Proyecto-nuevo-2.jpg\" alt=\"\" width=\"1920\" height=\"1080\" srcset=\"https:\/\/amussol.org.do\/wp-content\/uploads\/2025\/08\/Proyecto-nuevo-2.jpg 1920w, https:\/\/amussol.org.do\/wp-content\/uploads\/2025\/08\/Proyecto-nuevo-2-300x169.jpg 300w, https:\/\/amussol.org.do\/wp-content\/uploads\/2025\/08\/Proyecto-nuevo-2-1024x576.jpg 1024w, https:\/\/amussol.org.do\/wp-content\/uploads\/2025\/08\/Proyecto-nuevo-2-768x432.jpg 768w, https:\/\/amussol.org.do\/wp-content\/uploads\/2025\/08\/Proyecto-nuevo-2-1536x864.jpg 1536w\" sizes=\"(max-width: 1920px) 100vw, 1920px\" \/><\/a><\/strong><\/h3>\n<h3><\/h3>\n<h3><strong><a href=\"http:\/\/amussol.org.do\/wp-content\/uploads\/2025\/12\/Gemini_Generated_Image_qzxfsaqzxfsaqzxf-1-1.png\"><img decoding=\"async\" class=\"size-medium wp-image-3480 alignleft\" src=\"http:\/\/amussol.org.do\/wp-content\/uploads\/2025\/12\/Gemini_Generated_Image_qzxfsaqzxfsaqzxf-1-1-300x300.png\" alt=\"\" width=\"300\" height=\"300\" srcset=\"https:\/\/amussol.org.do\/wp-content\/uploads\/2025\/12\/Gemini_Generated_Image_qzxfsaqzxfsaqzxf-1-1-300x300.png 300w, https:\/\/amussol.org.do\/wp-content\/uploads\/2025\/12\/Gemini_Generated_Image_qzxfsaqzxfsaqzxf-1-1-150x150.png 150w, https:\/\/amussol.org.do\/wp-content\/uploads\/2025\/12\/Gemini_Generated_Image_qzxfsaqzxfsaqzxf-1-1-768x768.png 768w, https:\/\/amussol.org.do\/wp-content\/uploads\/2025\/12\/Gemini_Generated_Image_qzxfsaqzxfsaqzxf-1-1.png 1024w\" sizes=\"(max-width: 300px) 100vw, 300px\" \/><\/a><\/strong><\/h3>\n<h3><strong><a href=\"http:\/\/amussol.org.do\/wp-content\/uploads\/2025\/03\/legal.png\"><img decoding=\"async\" class=\"alignnone wp-image-2121\" src=\"http:\/\/amussol.org.do\/wp-content\/uploads\/2025\/03\/legal-300x300.png\" alt=\"\" width=\"60\" height=\"60\" srcset=\"https:\/\/amussol.org.do\/wp-content\/uploads\/2025\/03\/legal-300x300.png 300w, https:\/\/amussol.org.do\/wp-content\/uploads\/2025\/03\/legal-150x150.png 150w, https:\/\/amussol.org.do\/wp-content\/uploads\/2025\/03\/legal.png 512w\" sizes=\"(max-width: 60px) 100vw, 60px\" \/> <\/a>Servicios Jur\u00eddicos<\/strong><\/h3>\n<ul>\n<li><strong>&#8211; Asistencia Legal.\u00a0 <\/strong>Brindamos soporte especializado para garantizar la protecci\u00f3n de tus derechos<\/li>\n<li><strong>&#8211; Trabajador\/a Migran<\/strong>t<strong>e.\u00a0<\/strong>Regularizaci\u00f3n, contratos y derechos laborales.<\/li>\n<\/ul>\n<p>&nbsp;<\/p>\n<p>&nbsp;<\/p>\n<p>&nbsp;<\/p>\n<p>&nbsp;<\/p>\n<p>&nbsp;<\/p>\n<p><a href=\"http:\/\/amussol.org.do\/wp-content\/uploads\/2025\/12\/Gemini_Generated_Image_rxojj8rxojj8rxoj-1.png\"><img loading=\"lazy\" decoding=\"async\" class=\"size-medium wp-image-3482 alignleft\" src=\"http:\/\/amussol.org.do\/wp-content\/uploads\/2025\/12\/Gemini_Generated_Image_rxojj8rxojj8rxoj-1-300x300.png\" alt=\"\" width=\"300\" height=\"300\" srcset=\"https:\/\/amussol.org.do\/wp-content\/uploads\/2025\/12\/Gemini_Generated_Image_rxojj8rxojj8rxoj-1-300x300.png 300w, https:\/\/amussol.org.do\/wp-content\/uploads\/2025\/12\/Gemini_Generated_Image_rxojj8rxojj8rxoj-1-150x150.png 150w, https:\/\/amussol.org.do\/wp-content\/uploads\/2025\/12\/Gemini_Generated_Image_rxojj8rxojj8rxoj-1-768x768.png 768w, https:\/\/amussol.org.do\/wp-content\/uploads\/2025\/12\/Gemini_Generated_Image_rxojj8rxojj8rxoj-1.png 1024w\" sizes=\"(max-width: 300px) 100vw, 300px\" \/><\/a><\/p>\n<h3><strong><a href=\"http:\/\/amussol.org.do\/wp-content\/uploads\/2025\/03\/vida.png\"><img loading=\"lazy\" decoding=\"async\" class=\"alignnone wp-image-2123\" src=\"http:\/\/amussol.org.do\/wp-content\/uploads\/2025\/03\/vida-300x250.png\" alt=\"\" width=\"70\" height=\"58\" srcset=\"https:\/\/amussol.org.do\/wp-content\/uploads\/2025\/03\/vida-300x250.png 300w, https:\/\/amussol.org.do\/wp-content\/uploads\/2025\/03\/vida.png 512w\" sizes=\"(max-width: 70px) 100vw, 70px\" \/> <\/a>Servicios de Salud<\/strong><\/h3>\n<ul>\n<li>&#8211;<strong> Consultorio M\u00e9dico.\u00a0<\/strong>Contamos con una red integral para el cuidado de tu bienestar f\u00edsico y mental.<\/li>\n<li><strong>&#8211; Laboratorio Cl\u00ednico<\/strong>. Prevenci\u00f3n y diagn\u00f3stico inicial.<\/li>\n<li><strong>&#8211; Servicios de Psicolog\u00eda.<\/strong> An\u00e1lisis y pruebas diagn\u00f3sticas.<\/li>\n<li><strong>&#8211; Atenci\u00f3n Primaria.<\/strong> Prevenci\u00f3n\u00a0y diagn\u00f3stico inicial.<\/li>\n<li><strong>&#8211; Odontolog\u00eda. <\/strong>Salud bucal integral.<\/li>\n<\/ul>\n<p>&nbsp;<\/p>\n<p>&nbsp;<\/p>\n<p>&nbsp;<\/p>\n<p><a href=\"http:\/\/amussol.org.do\/wp-content\/uploads\/2025\/12\/Gemini_Generated_Image_3s0vmy3s0vmy3s0v-1.png\"><img loading=\"lazy\" decoding=\"async\" class=\"size-medium wp-image-3481 alignleft\" src=\"http:\/\/amussol.org.do\/wp-content\/uploads\/2025\/12\/Gemini_Generated_Image_3s0vmy3s0vmy3s0v-1-300x300.png\" alt=\"\" width=\"300\" height=\"300\" srcset=\"https:\/\/amussol.org.do\/wp-content\/uploads\/2025\/12\/Gemini_Generated_Image_3s0vmy3s0vmy3s0v-1-300x300.png 300w, https:\/\/amussol.org.do\/wp-content\/uploads\/2025\/12\/Gemini_Generated_Image_3s0vmy3s0vmy3s0v-1-150x150.png 150w, https:\/\/amussol.org.do\/wp-content\/uploads\/2025\/12\/Gemini_Generated_Image_3s0vmy3s0vmy3s0v-1-768x768.png 768w, https:\/\/amussol.org.do\/wp-content\/uploads\/2025\/12\/Gemini_Generated_Image_3s0vmy3s0vmy3s0v-1.png 1024w\" sizes=\"(max-width: 300px) 100vw, 300px\" \/><\/a><\/p>\n<h3><strong><a href=\"http:\/\/amussol.org.do\/wp-content\/uploads\/2025\/03\/vi.png\"><img loading=\"lazy\" decoding=\"async\" class=\"alignnone wp-image-2122\" src=\"http:\/\/amussol.org.do\/wp-content\/uploads\/2025\/03\/vi-300x300.png\" alt=\"\" width=\"60\" height=\"60\" srcset=\"https:\/\/amussol.org.do\/wp-content\/uploads\/2025\/03\/vi-300x300.png 300w, https:\/\/amussol.org.do\/wp-content\/uploads\/2025\/03\/vi-150x150.png 150w, https:\/\/amussol.org.do\/wp-content\/uploads\/2025\/03\/vi.png 512w\" sizes=\"(max-width: 60px) 100vw, 60px\" \/> <\/a>Seguros en General<\/strong><\/h3>\n<ul>\n<li><strong>&#8211; Vida. <\/strong>Protecci\u00f3n y respaldo financiero para ti y tus seres queridos en cualquier circunstancia.<\/li>\n<li><strong>&#8211; \u00daltimos Gastos (Plan Vive Tranquilo)\u00a0<\/strong>Previsi\u00f3n y apoyo en momentos dif\u00edciles.<\/li>\n<li><strong>&#8211; De viajes. <\/strong>Cobertura para\u00a0tus traslados.<\/li>\n<li><strong>&#8211; Otros. <\/strong>Soluciones a medida seg\u00fan tus necesidades.<\/li>\n<\/ul>\n","protected":false},"excerpt":{"rendered":"<p>Servicios Jur\u00eddicos &#8211; Asistencia Legal.\u00a0 Brindamos soporte especializado para garantizar la protecci\u00f3n de tus derechos &#8211; Trabajador\/a Migrante.\u00a0Regularizaci\u00f3n, contratos y derechos laborales. &nbsp; &nbsp; &nbsp; &nbsp; &nbsp; Servicios de Salud &#8211; Consultorio M\u00e9dico.\u00a0Contamos con una red integral para el cuidado de tu bienestar f\u00edsico y mental. &#8211; Laboratorio Cl\u00ednico. Prevenci\u00f3n y diagn\u00f3stico inicial. &#8211; Servicios [&hellip;]<\/p>\n","protected":false},"author":1,"featured_media":0,"parent":0,"menu_order":2,"comment_status":"open","ping_status":"open","template":"","meta":{"footnotes":""},"_links":{"self":[{"href":"https:\/\/amussol.org.do\/index.php?rest_route=\/wp\/v2\/pages\/7"}],"collection":[{"href":"https:\/\/amussol.org.do\/index.php?rest_route=\/wp\/v2\/pages"}],"about":[{"href":"https:\/\/amussol.org.do\/index.php?rest_route=\/wp\/v2\/types\/page"}],"author":[{"embeddable":true,"href":"https:\/\/amussol.org.do\/index.php?rest_route=\/wp\/v2\/users\/1"}],"replies":[{"embeddable":true,"href":"https:\/\/amussol.org.do\/index.php?rest_route=%2Fwp%2Fv2%2Fcomments&post=7"}],"version-history":[{"count":29,"href":"https:\/\/amussol.org.do\/index.php?rest_route=\/wp\/v2\/pages\/7\/revisions"}],"predecessor-version":[{"id":3483,"href":"https:\/\/amussol.org.do\/index.php?rest_route=\/wp\/v2\/pages\/7\/revisions\/3483"}],"wp:attachment":[{"href":"https:\/\/amussol.org.do\/index.php?rest_route=%2Fwp%2Fv2%2Fmedia&parent=7"}],"curies":[{"name":"wp","href":"https:\/\/api.w.org\/{rel}","templated":true}]}}